he ten thousands digit of 2421033?
2
What is the hundreds digit of 3123388?
3
What is the hundreds digit of 111674?
6
What is the thousands digit of 249454?
9
What is the ten thousands digit of 7662474?
6
What is the thousands digit of 25240294?
0
What is the ten millions digit of 19494397?
1
What is the tens digit of 7021741?
4
What is the units digit of 7465285?
5
What is the hundred thousands digit of 17202103?
2
What is the hundreds digit of 4262473?
4
What is the hundred thousands digit of 978892?
9
What is the hundreds digit of 65502?
5
What is the units digit of 550800?
0
What is the hundreds digit of 133245?
2
What is the hundreds digit of 27234?
2
What is the ten thousands digit of 18211668?
1
What is the millions digit of 1710014?
1
What is the hundred thousands digit of 1118410?
1
What is the thousands digit of 2211785?
1
What is the tens digit of 1898152?
5
What is the millions digit of 1122421?
1
What is the thousands digit of 1346382?
6
What is the ten millions digit of 15207580?
1
What is the hundred thousands digit of 311296?
3
What is the tens digit of 375839?
3
What is the millions digit of 8962993?
8
What is the tens digit of 3200521?
2
What is the hundreds digit of 3185007?
0
What is the units digit of 3323702?
2
What is the thousands digit of 310988?
0
What is the millions digit of 1257695?
1
What is the tens digit of 1513076?
7
What is the units digit of 98517?
7
What is the tens digit of 643335?
3
What is the millions digit of 1426396?
1
What is the hundred thousands digit of 6827869?
8
What is the hundred thousands digit of 17097939?
0
What is the thousands digit of 1361310?
1
What is the ten thousands digit of 25305?
2
What is the ten thousands digit of 575355?
7
What is the thousands digit of 8771923?
1
What is the thousands digit of 500441?
0
What is the units digit of 1023171?
1
What is the ten thousands digit of 15082033?
8
What is the hundred thousands digit of 678355?
6
What is the hundred thousands digit of 1173981?
1
What is the ten thousands digit of 913336?
1
What is the thousands digit of 1824392?
4
What is the units digit of 428549?
9
What is the units digit of 492173?
3
What is the hundreds digit of 251946?
9
What is the tens digit of 17740046?
4
What is the ten thousands digit of 160805?
6
What is the tens digit of 18883837?
3
What is the ten thousands digit of 20403083?
0
What is the hundreds digit of 31731970?
9
What is the hundreds digit of 502550?
5
What is the units digit of 170454?
4
What is the thousands digit of 2958194?
8
What is the tens digit of 803706?
0
What is the hundreds digit of 5109885?
8
What is the ten thousands digit of 4621528?
2
What is the ten thousands digit of 191794?
9
What is the units digit of 2061861?
1
What is the ten thousands digit of 93985?
9
What is the ten thousands digit of 13180914?
8
What is the tens digit of 2129118?
1
What is the units digit of 152810?
0
What is the hundreds digit of 399782?
7
What is the millions digit of 3658745?
3
What is the ten thousands digit of 346389?
4
What is the hundred thousands digit of 3717642?
7
What is the tens digit of 7929974?
7
What is the hundreds digit of 2138159?
1
What is the hundred thousands digit of 117466?
1
What is the ten thousands digit of 4207998?
0
What is the hundreds digit of 324035?
0
What is the units digit of 240494?
4
What is the thousands digit of 1439575?
9
What is the tens digit of 276558?
5
What is the thousands digit of 1947601?
7
What is the thousands digit of 19185767?
5
What is the units digit of 8465880?
0
What is the ten thousands digit of 337552?
3
What is the hundreds digit of 2252163?
1
What is the ten thousands digit of 294218?
9
What is the ten thousands digit of 2218019?
1
What is the hundred thousands digit of 28263271?
2
What is the ten thousands digit of 1547697?
4
What is the ten thousands digit of 14888596?
8
What is the tens digit of 379880?
8
What is the thousands digit of 49247?
9
What is the units digit of 3602209?
9
What is the hundreds digit of 4311273?
2
What is the hundred thousands digit of 542389?
5
What is the tens digit of 2741765?
6
What is the hundreds digit of 255520?
5
What is the thousands digit of 508644?
8
What is the units digit of 1398036?
6
What is the millions digit of 7244665?
7
What is the hundreds digit of 38780?
7
What is the units digit of 6723711?
1
What is the thousands digit of 34403193?
3
What is the ten thousands digit of 3777925?
7
What is the tens digit of 2640122?
2
What is the thousands digit of 8951742?
1
What is the hundreds digit of 72582?
5
What is the tens digit of 298102?
0
What is the hundreds digit of 16645071?
0
What is the millions digit of 5989785?
5
What is the tens digit of 740246?
4
What is the tens digit of 11603393?
9
What is the hundred thousands digit of 32792427?
7
What is the ten thousands digit of 3247201?
4
What is the thousands digit of 690730?
0
What is the tens digit of 377793?
9
What is the hundred thousands digit of 350812?
3
What is the hundreds digit of 61558?
5
What is the tens digit of 6177433?
3
What is the hundred thousands digit of 3251582?
2
What is the ten thousands digit of 621471?
2
What is the units digit of 3592358?
8
What is the millions digit of 9489059?
9
What is the thousands digit of 13618?
3
What is the hundred thousands digit of 186020?
1
What is the thousands digit of 8248747?
8
What is the units digit of 2897327?
7
What is the tens digit of 1726962?
6
What is the units digit of 26600408?
8
What is the millions digit of 1739477?
1
What is the tens digit of 114317?
1
What is the hundreds digit of 5074610?
6
What is the millions digit of 8301816?
8
What is the ten thousands digit of 663382?
6
What is the units digit of 429901?
1
What is the units digit of 499862?
2
What is the units digit of 148253?
3
What is the tens digit of 785885?
8
What is the thousands digit of 5522972?
2
What is the hundreds digit of 644601?
6
What is the thousands digit of 7602077?
2
What is the hundreds digit of 245490?
4
What is the millions digit of 14793038?
4
What is the hundred thousands digit of 378743?
3
What is the thousands digit of 591879?
1
What is the millions digit of 2657449?
2
What is the ten thousands digit of 29427606?
2
What is the thousands digit of 3046307?
6
What is the units digit of 225583?
3
What is the units digit of 32358038?
8
What is the tens digit of 33412?
1
What is the tens digit of 204521?
2
What is the millions digit of 8578755?
8
What is the tens digit of 23335530?
3
What is the tens digit of 1471350?
5
What is the hundreds digit of 35725?
7
What is the tens digit of 8254137?
3
What is the tens digit of 4691555?
5
What is the hundreds digit of 8443?
4
What is the hundred thousands digit of 435109?
4
What is the ten thousands digit of 15321698?
2
What is the hundreds digit of 1012846?
8
What is the millions digit of 7788398?
7
What is the hundreds digit of 14489632?
6
What is the thousands digit of 432161?
2
What is the units digit of 1225830?
0
What is the thousands digit of 760715?
0
What is the hundreds digit of 27650823?
8
What is the thousands digit of 5956055?
6
What is the hundreds digit of 125287?
2
What is the units digit of 264926?
6
What is the hundreds digit of 11562477?
4
What is the hundred thousands digit of 606990?
6
What is the tens digit of 67391?
9
What is the thousands digit of 7300306?
0
What is the units digit of 10960892?
2
What is the thousands digit of 5381005?
1
What is the units digit of 1125344?
4
What is the ten thousands digit of 302762?
0
What is the units digit of 477338?
8
What is the hundreds digit of 8885418?
4
What is the thousands digit of 3135918?
5
What is the thousands digit of 2153440?
3
What is the hundreds digit of 761601?
6
What is the hundreds digit of 232217?
2
What is the millions digit of 4094027?
4
What is the units digit of 215993?
3
What is the ten thousands digit of 1608263?
0
What is the ten thousands digit of 10913528?
1
What is the units digit of 10459576?
6
What is the hundreds digit of 10372010?
0
What is the millions digit of 3379657?
3
What is the tens digit of 1792990?
9
What is the tens digit of 6089985?
8
What is the tens digit of 2304049?
4
What is the thousands digit of 19686344?
6
What is the tens digit of 3128285?
8
What is the uni